10)?
1
Let r = -10 + 6. Let p(f) = f**3 + 4*f**2 - f - 4. Let i be p(r). Suppose -3*t + 189 = -i*t - 5*g, 5*t - 284 = -2*g. What is the tens digit of t?
5
Let q be -3 + ((-808)/(-72) - (-2)/(-9)). Suppose -q*o - 609 = -1577. What is the hundreds digit of o?
1
Let h(z) be the third derivative of -1/12*z**5 + 0*z - 13/6*z**3 - z**2 - 1/120*z**6 + 0 - 3/8*z**4. What is the units digit of h(-4)?
7
Let q be (-5238)/(-14) + (-4)/28 + 5. Suppose 6*m - 2641 = -q. What is the hundreds digit of m?
3
Suppose 32*j - 28*j + 5*s = 41612, 6*s - 10384 = -j. What is the tens digit of j?
0
Let h = -44 - -83. Let x = -46 + h. Let i(z) = -18*z + 19. What is the units digit of i(x)?
5
Let a(d) = d**2 - 17*d - 30. Let g be a(20). Suppose g = 12*k - 2*k. Suppose k*t - 40 = z, -3*t + z - 5*z = -50. What is the units digit of t?
4
Suppose -23346 + 3312 = -4*f - 2*z, -2 = 2*z. What is the thousands digit of f?
5
What is the thousands digit of (-778756)/(-176) + 9/4?
4
Let y = -766 + 8611. What is the units digit of y?
5
Let t = 24037 - 11900. What is the tens digit of t?
3
Let c = -71 + 71. Let l be 3/6*c - 2. What is the tens digit of l - -189 - ((-4)/1 - -4)?
8
Let n(k) = -k**3 - k - 1. Let a(z) = -5*z**3 - z**2 + 6*z + 5. Let q(w) = -a(w) - 5*n(w). What is the units digit of q(1)?
0
Suppose -2*g - 59488 = -b - 3*b, -b + 5*g + 14854 = 0. What is the hundreds digit of b?
8
Let c = 1279 - 627. Suppose q - 6*q + 20 = 0. Suppose 8*v = q*v + c. What is the units digit of v?
3
Let r = 58 + -58. Suppose -g - 4*g - 125 = r. Let v = g - -92. What is the units digit of v?
7
Let n(a) = 4743*a - 123. What is the hundreds digit of n(1)?
6
Let m(c) = 48*c + 86. Let d be m(15). Let p = d + -467. What is the hundreds digit of p?
3
Let s(j) be the first derivative of j**2/2 - 9*j - 1. Let x be s(12). Suppose 2*p - 3*v + 5 = x*p, 3*v = -4*p + 65. What is the units digit of p?
0
Let p = 102 - 97. Suppose 4*y - 3*x - 1537 = 3*y, -7713 = -p*y + x. What is the units digit of y?
3
Suppose 26*l + 5*l - 216958 - 261930 = 0. What is the ten thousands digit of l?
1
Suppose -3*c - 29 = -8. Let w(o) = 6*o**2 + o + 4. Let f be w(c). Suppose 24*y - f = 21*y. What is the units digit of y?
7
Let m be (75 + 0)*(-7025)/(-25). What is the tens digit of ((-8)/(-6))/(5/(m/10))?
6
What is the units digit of 4778/(-1)*(-4)/8?
9
Suppose 4*x + x - 35 = -5*t, 0 = 4*x + t - 19. Suppose -x*b = -3 - 5. What is the units digit of b + (-17)/(-5) - (-26)/(-65)?
5
Let i(u) = 375*u**3 + 18*u**2 - 37*u + 9. What is the thousands digit of i(2)?
3
Let s(k) = -5*k - 3. Let l(o) be the third derivative of -5*o**4/12 - o**3 + 26*o**2. Let a(u) = 4*l(u) - 7*s(u). What is the tens digit of a(-20)?
9
Suppose -2*l - 1 = -3*r, -3*r + 9 = 4*l - 16. Let v(n) = -19*n + 232. Let c be v(12). Suppose -c*t + 238 = -p + r*p, -p - 55 = -t. What is the units digit of t?
8
Let j be 1 - -1 - -35*(-2 + 3). Suppose 43*m - 630 = j*m. What is the tens digit of m?
0
Let a(r) = 4*r**3 + 6*r**2 - 9*r - 19. Suppose -4*y = -5*n - 3*y + 24, 3*y = -n - 8. What is the units digit of a(n)?
7
Suppose -217 = -3*y - 40. Let o = y + -21. Let s = 66 + o. What is the hundreds digit of s?
1
Suppose -h - g + 60 = 570, 0 = -3*g - 9. Let a = -171 - h. Suppose -17*l + a = -13*l. What is the units digit of l?
4
Let i(d) = 707*d**2 + 23*d - 4. What is the tens digit of i(-3)?
9
Let i(c) = 26*c**2 + 7*c + 15. Let f(y) = -26*y**2 - 6*y - 14. Let h(z) = -4*f(z) - 3*i(z). What is the units digit of h(-3)?
6
Let i = -3419 + 5447. Suppose i = 4*y + d + 3*d, d = -4*y + 2019. What is the hundreds digit of y?
5
Let r(f) = -67*f + 1. Let h be r(-1). Suppose -453 = -4*j - 2*v - 105, 0 = 5*j + v - 432. Let m = j + h. What is the hundreds digit of m?
1
Let t be 50*(5 + -6) + 0. Let n = t - -86. What is the tens digit of n?
3
Suppose -5*v = 2*v + v - 252400. What is the units digit of v?
0
Let f = -162 + 164. Suppose 3*m = 3*v + 312, 2*m - f*v = 6*m - 428. What is the tens digit of m?
0
Suppose 3*a - 45360 = -3*r - 2*a, -2*r = -7*a - 30302. What is the thousands digit of r?
5
Let t = -36155 + 66568. What is the tens digit of t?
1
Suppose -82322 = -5*n + 65308 + 35230. What is the hundreds digit of n?
5
Let v(q) be the first derivative of -q**6/360 - q**5/8 + 2*q**4/3 + 13*q**3/3 - 13. Let m(r) be the third derivative of v(r). What is the units digit of m(-9)?
0
What is the units digit of 32*(2 + -3)*184/32*-92?
8
Let h(l) = 1127*l**2 + 11*l - 34. What is the tens digit of h(3)?
4
Let u = 66 + 134. Let d = -308 + u. Let k = -12 - d. What is the tens digit of k?
9
Let a = 9424 + 40486. What is the ten thousands digit of a?
4
Let n = 120 - 160. What is the hundreds digit of (n - (-10)/(-5))*14/(-4)?
1
Suppose u - 37914 - 1486 = 0. What is the units digit of u?
0
Suppose 1234*n - 1233*n - 1142 = -2*t, -3*n = 4*t - 2282. Let g = 0 - 1. What is the hundreds digit of ((t/(-6))/g)/((-4)/(-6))?
1
Let f be (0 + (-6)/4)/(4/(-16)). Suppose 66 = -f*l + 360. Suppose l*n = 50*n - 89. What is the tens digit of n?
8
Let y = 27696 - -1535. What is the tens digit of y?
3
Let b(x) = -15*x + 131. Let s(y) = 17*y - 131. Let h(m) = 4*b(m) + 5*s(m). What is the units digit of h(13)?
4
Suppose 7*c + 448 - 91 = 0. Let o = 161 + c. What is the hundreds digit of o?
1
Let a = -9620 + 16750. What is the tens digit of a?
3
Suppose 167644 = 38*n - 1331646. What is the thousands digit of n?
9
Let q(z) = z**2 - 16*z + 14. Let m be q(6). Let w = -52 - m. What is the tens digit of (-424)/w + (-1)/(-3)?
7
Suppose 3*y + 1791 = -5*o, -241 = -2*o - 4*y - 963. Let w = o + 468. What is the tens digit of w?
1
Suppose -224 = 5*f - 3*f + 2*k, -5*k = 3*f + 336. Suppose 0 = y - 37*y. What is the tens digit of (-420)/f*20*(y + 1)?
7
Let o = 15616 - 7224. What is the units digit of o?
2
Let r = -123 - -322. Let d = -139 + r. What is the tens digit of d/2 - (18 + -17)?
2
Let n be (3/4)/(((-5)/(-17980))/1). Suppose -4*j = 5*o - n, -11*o + 2682 = 4*j - 9*o. What is the tens digit of j?
6
Let a = 210 + -207. Suppose 0 = -a*z + 4*z - 1, -5*v - 5*z + 775 = 0. What is the units digit of v?
4
Let a(w) = 986*w + 4223. What is the hundreds digit of a(29)?
8
Suppose -5*v = -23 - 7. What is the hundreds digit of (-3 + 1015/(-21))/((-2)/v)?
1
Let d(v) = 143*v + 192. Let l be d(20). Suppose 0 = 23*j - 16*j - l. What is the hundreds digit of j?
4
Let a = 11682 + -6165. What is the tens digit of a?
1
Suppose 0*f - f = 10*f - 83963. What is the thousands digit of f?
7
Suppose -2*r = -5*p - 248, 0*r = -2*r + p + 232. Let q = r - 89. Suppose -18*x - 497 = -q*x. What is the units digit of x?
1
Let a(i) = 69*i + 3410. What is the tens digit of a(96)?
3
Suppose -2*z = -5*r - 16062 - 2164, 0 = 3*z - r - 27378. What is the units digit of z?
8
Let j(b) = -4*b**3 - b**2 + 15*b + 33. Suppose 94 = -13*l + 16. What is the tens digit of j(l)?
7
Let a = -5226 - -43098. What is the hundreds digit of a?
8
Suppose 3*r - 4264 = -g + 1022, 2*g - 4*r - 10612 = 0. What is the tens digit of g?
9
Let b = -22 - -47. Suppose 6464 = b*j - 17*j. What is the hundreds digit of j?
8
Let m be -6 - (-5)/((4 - 1)/3). Let a(b) = -166*b - 12. What is the hundreds digit of a(m)?
1
Suppose 149*m - 141*m = 56. What is the units digit of -7 + 1179 - (m + 0)?
5
What is the hundreds digit of (7/(-28))/((-7)/109172)?
8
Suppose -5*j + 30548 = -4*r, 13619 = 3*j - 5*r - 4715. What is the thousands digit of j?
6
Suppose 0 = 8*c - 45680 + 1933 - 44317. What is the hundreds digit of c?
0
Let y(d) = -d**3 + 2*d**2 + 12*d + 6 + 24*d - 38*d. What is the units digit of y(0)?
6
Let u(x) = x**2 - 4*x - 9. Let m = 14 - 9. Let p be u(m). What is the units digit of (-16 - -2)*((-16)/(-2))/p?
8
Let a = -255 - -259. Suppose 0 = -13*t + 8*t - v + 356, 128 = 2*t + a*v. What is the units digit of t?
2
Let x(y) = -35*y + 88. Let o(k) = 107*k - 266. Let w(r) = -2*o(r) - 7*x(r). What is the tens digit of w(4)?
4
Let g(b) = b**3 - 21*b**2 - 99*b + 27. What is the thousands digit of g(33)?
9
Let y be (2 - 197)/(1 + -2). Suppose 14*v = v - y. Let z = v + 141. What is the hundreds digit of z?
1
Suppose 102*j - 3531162 = -115*j + 15*j. What is the units digit of j?
1
Let g be 2/9 - (-1076)/18. Suppose 4*i - 483 = -5*m, -2*i + 6*m = 3*m - 225. Let d = i - g. What is the units digit of d?
7
Suppose 0*r + 6*r 